 m = 14 - 1. Let w(i) = -m*i + z*i - 3*i + 8. Calculate w(-6).
-16
Let q(r) be the third derivative of -r**6/120 + r**5/10 - r**4/12 - r**3/3 - 2*r**2 - 49*r. Determine q(5).
13
Let h(m) = m**2 - 2*m + 3. Let y(f) = 3*f + 26. Let l be y(-8). Suppose 0 = 4*r - 3*r + 5*c - 38, l*c + 86 = 4*r. Suppose -3 + r = 5*v. What is h(v)?
11
Let r(q) = -q + 12. Suppose -3*v = 18*b - 23*b + 50, 5*v - 10 = -5*b. Let j be -1*(2 - 1)*(b - 16). What is r(j)?
3
Let f(g) = -g**2 + 14*g + 37. Let h be f(16). Let p be (h/(-10))/((-1)/6). Suppose -9*z - 30 = -p. Let w(k) = -k**3 - 3*k**2 + 3*k + 1. Determine w(z).
-8
Let q = -100 - -204. Let a = q - 103. Let b(r) = 10*r**2 + 2*r - 1. Give b(a).
11
Let y(b) = 2*b**2 + 29*b + 1. Let n = -15770 + 15755. Give y(n).
16
Let m(h) = -h**2 - 9*h + 2. Suppose 0 = -12*g + 115 - 31. Suppose -5*p = o + 3, 0 = 11*o - g*o - 3*p + 35. Determine m(o).
10
Let q(m) = m - 2. Suppose -4*b - 3*p = -2*b + 59, b = -4*p - 42. Give q(b).
-24
Let l(h) = 6*h. Suppose -4*r + 3*r = v, 6 = 3*v - 3*r. Let n(k) = k + 2. Let w(f) = v*l(f) - 5*n(f). Determine w(15).
5
Let o(r) = r**2 + 6*r + 4. Let u be o(-6). Let m(p) be the first derivative of p**2/2 - 6*p - 2277. Give m(u).
-2
Let k(n) = 23*n + 92. Let v be k(-4). Suppose v = 28*w - 30 - 26. Let q(g) = 5*g + 3*g**2 - 4*g - 2 + 4. Give q(w).
16
Suppose -5*s - 32 = 30*b - 21*b, 8 = -4*b - 3*s. Let j(w) = -w**2 - 7*w + 14. What is j(b)?
6
Let v(a) be the first derivative of -7*a**4/2 - a**2/2 - 3. Suppose 5*l = 14*l + 252. Let b = l - -29. Determine v(b).
-15
Let f(z) = 0*z + 2*z + 48*z**2 + 3 - 54*z**2 - z**3 + 6*z**2. Suppose -4*a - 9 = -1. Calculate f(a).
7
Let x(j) = -16*j + 46. Let l(p) = -2*p - 1. Let w(c) = -9*l(c) + x(c). Calculate w(-27).
1
Let g(k) = -k + 1. Let l(t) = 6*t - 17. Let o(x) = -5*g(x) - l(x). Let f(w) = 1. Let v(p) = -f(p) - o(p). Let r be 6/12*-6 - (-9)/1. Give v(r).
-7
Let a(o) = 104*o + 100*o + 8 + 103*o - 306*o. Suppose 3*b = z - 2*z - 15, b + 3 = 0. Calculate a(z).
2
Let t(h) = -3*h + 1. Let j(o) = 4*o - 3. Let z(i) = -i + 7. Let m be z(5). Let a be j(m). Let g = a + -10. Calculate t(g).
16
Let x(q) = 88 - 88 - 309 + 33*q - 111*q. Give x(-4).
3
Let p(h) = h**3 - 3*h**2 + 2*h - 8. Let j be p(4). Let f be 3*(j/12 - 3). Let g(c) be the first derivative of 2*c**2 - 1. Determine g(f).
-20
Suppose -z - 9 - 13 = -5*x, -3*z = 3*x - 24. Suppose n - 3 = 2*s, -5*s - z = -2*n + 6. Let g be s*(50/15)/2. Let d(q) = -q**2 - 6*q + 3. Determine d(g).
8
Let p(a) = -5*a**2 + 52*a + 52. Let f(t) = -4*t**2 + 48*t + 56. Let g(k) = -4*f(k) + 3*p(k). Give g(38).
8
Let a(w) = -38863 - 17*w**2 - 33*w + 38860 + 31*w. What is a(-2)?
-67
Let b(q) be the third derivative of 0*q + 0 + 7/6*q**3 + 5/8*q**4 - 1/60*q**5 - 11*q**2. Give b(16).
-9
Let q(a) = -9*a + 4. Let p(h) = -13*h + 5. Let x(o) = 5*p(o) - 7*q(o). Let l = 28 + -34. What is x(l)?
9
Let n(t) = -23*t + 14*t - 22*t - 21*t + 2 + 1. Calculate n(1).
-49
Let z(c) = -12*c**2 - 5*c - 4. Let r(k) = -k**2 - k - 1. Let q(t) = -4*r(t) + z(t). Suppose 488*s - 63 - 425 = 0. Determine q(s).
-9
Let k(j) be the second derivative of -j**6/120 + 11*j**5/60 - 7*j**4/24 + 41*j**2 - 220*j. Let w(m) be the first derivative of k(m). Calculate w(10).
30
Suppose -28*o = 36*o + 23*o - 696. Let c(t) be the third derivative of t**5/60 - 5*t**4/12 - 2*t**2. Determine c(o).
-16
Let q = 6 + -3. Let k(c) be the second derivative of -c**4/6 - c**3/2 - 11*c**2/2 + 16*c. Let g(y) be the first derivative of k(y). Determine g(q).
-15
Let w(u) = -u**2 - u - 6. Let f = 64 - 90. Let i be (-7 - 1)/(22/f - -1). Let s = i + 52. What is w(s)?
-6
Let g(f) be the third derivative of -f**5/10 + 29*f**4/24 - f**3/6 - 45*f**2. Let l be g(5). Let d(q) = -q**2 - 6*q. Determine d(l).
0
Let k(o) = -10*o - 3. Let f(p) = -28*p - 9. Suppose 5*r = -5*l + 65, 0 = -4*r + l + 4*l + 34. Let m(h) = r*k(h) - 4*f(h). Determine m(-4).
-5
Let d(i) = -43*i + 288. Let z(b) = -33*b + 291. Let h(j) = -4*d(j) + 5*z(j). Calculate h(-44).
-5
Let a(i) = -67*i**2 - i + 20. Let p(w) = 73*w**2 + 2*w - 21. Let l(q) = 12*a(q) + 11*p(q). Give l(10).
9
Suppose -4*n + 3*k + 2 = 0, -k = 1 + 1. Let j(g) = 33*g + 24*g + 13 - 52*g. Let r(x) = -3*x - 8. Let c(z) = -5*j(z) - 8*r(z). What is c(n)?
0
Let j be -2 - (0/2 + (-24 - -14)). Let x(v) = v - 1. Let a(i) = 5*i - 11. Suppose 0 = 4*p + 3 - 7. Let n(d) = p*a(d) - 4*x(d). Give n(j).
1
Suppose -5*p + 2*j - 35 = 0, 5*j = -p + 4*j - 14. Let u(d) = -13 - 104*d**2 - 111*d**2 - 112*d**2 + 5*d + 328*d**2. Determine u(p).
23
Suppose 0*y = -y. Suppose y*j = 2*j - 38. Suppose -j = -6*q + 17. Let t(n) = -n**2 + 8*n - 5. Calculate t(q).
7
Let k(v) be the first derivative of 4*v**2 - 10*v - 363. Determine k(1).
-2
Let m(f) = 21*f - 56. Let n be m(3). Let h(y) = -3*y**2 + 21*y - 3. Determine h(n).
-3
Let p(h) be the first derivative of 2*h**3 - 5*h - 81 + 0*h**2 + 1/4*h**4. Determine p(-6).
-5
Let j(w) = w**2 - 10*w + 43. Let z be j(6). Let h(s) = -s**2 + 15*s + 78. Calculate h(z).
2
Let o(n) = n**3 - 15*n**2 - 15*n + 228. Let g be o(15). Let t(l) be the third derivative of 7/24*l**4 + 0*l + 1/6*l**g + 0 - 25*l**2. Determine t(-1).
-6
Suppose -2*t + 18 = x, -5*x + x = -3*t - 17. Let g(v) = -10 - v**2 + x*v - 2 + 0*v**2 + 3*v. Suppose 2*s = 7 + 11. What is g(s)?
6
Let u(b) be the first derivative of 1/3*b**3 + 2*b - 117 - 3/2*b**2 + 1/4*b**4. Calculate u(2).
8
Let r(c) = 2*c - 3 + 1 - 1 + 2. Let p(f) = -42*f**3 + 1 - f + 43*f**3 + 2*f. Let m be p(-1). Give r(m).
-3
Let w be (-66)/231 - 46/(-14). Let g(u) = 10*u**2 - 24*u - 5. Let q be g(w). Let j(h) = -h**2 + 13*h + 5. Give j(q).
5
Let c(h) = 25*h + h**3 - 33*h + 1 + 3*h**2 - h**2 - 3. Let u be (129/(-258))/((-1)/(-8)). Give c(u).
-2
Let u(p) = -3*p**2 - 32*p + 67. Let g be u(2). Let w(h) = h**3 + 6*h**2 - 25*h + 18. Calculate w(g).
0
Let k(g) be the third derivative of 2*g**4/3 - g**3/6 - 669*g**2. Determine k(1).
15
Let m(v) = -v**2 - 6*v + 12. Let s be m(-10). Let j = s - -21. Let u(y) = -y**3. Let p(r) = -3*r**3 + 7*r**2 - r - 2. Let z(d) = p(d) - 4*u(d). Calculate z(j).
5
Let k(i) = 11*i + 6. Let c(n) = -4*n - 1. Let f(d) = -7*c(d) - 3*k(d). Calculate f(3).
-26
Let i(t) be the second derivative of -t**3/3 + 4*t**2 + t. Suppose 2325 = 262*z + 203*z. Calculate i(z).
-2
Let y(n) = 9*n + 13. Let a be y(5). Let u = -55 + a. Let p(c) = -1 - c - c + c - u*c. Calculate p(1).
-5
Let j(r) = 2*r**3 + 68*r**2 - 4. Let i be j(-34). Let p(g) = -19*g - 77. Let k be p(i). Let z(t) = 5*t**3 + t**2 + t + 1. What is z(k)?
-4
Let g(u) = 4*u**3 + 6*u + 1. Let b be g(0). Let v(a) = -24*a + 2. Determine v(b).
-22
Let u(a) = 4879 - 9737 - 8*a**2 + 4890 - 14*a + a**3. Determine u(9).
-13
Let d(y) = 45*y + 21. Let t(p) = -97*p - 50. Let q(c) = -7*d(c) - 3*t(c). Calculate q(4).
-93
Let y = 45 + -40. Let o(x) = 2*x**3 - 13*x + 1. Let a(c) = c**3 - c**2 - 7*c + 1. Let w(d) = y*a(d) - 3*o(d). Determine w(-5).
-18
Let d(t) = t**2 + t - 2. Let r(i) = -9*i**2 - 8*i - 88. Let v be r(0). Suppose 86 = u - 2*o, 4*u - 443 + 87 = -4*o. Let q = v + u. What is d(q)?
-2
Let g(n) = -51*n**2 - 2*n + 54*n**2 - 12*n + 11 + 46*n - 19*n. Determine g(-3).
-1
Suppose 5*k - 18*q = -14*q + 29, -5*q + 38 = 2*k. Let c(h) be the second derivative of h**3/3 - 5*h**2 + 9*h. What is c(k)?
8
Let f = 5949 - 5948. Let x(r) = -13 - 19 - 22 + 52 + 17*r. Give x(f).
15
Let t(w) be the second derivative of -11*w**4/4 - w**3/6 - w**2 - 82*w. Let c(x) = x + 1. Let f(b) = c(b) + t(b). What is f(1)?
-34
Suppose 0 = -4*u - 5 - 3. Let a(v) = 5*v - 8. Suppose 7*l = 19 + 2. Let n(z) = 2*z - 5. Let i(t) = l*a(t) - 5*n(t). Calculate i(u).
-9
Let o(v) = 5*v**3 + 7*v**2 + 2*v + 5. Suppose -388 = -3*t - 376. Let q(g) = -g**3 + g**2 + 2*g. Let w(x) = t*q(x) + o(x). Calculate w(-10).
5
Let a(o) = 598*o - 283. Let m(r) = -1710*r + 849. Let n(i) = -17*a(i) - 6*m(i). Determine n(3).
-1
Let t(r) = -r**2 + 29*r + 2145. Let i be t(-34). Let c(s) be the first derivative of -1/3*s**i + 5 - 2*s + 3/2*s**2. Give c(4).
-6
Let w(a) = 195. Let l(s) = -s - 339. Let u(n) = 4*l(n) + 7*w(n). Determine u(-4).
25
Suppose -42 = 19*r - 13*r. Let j be 11 - (-16 - -2)/r. Let b(f) = -3*f**2 + 27*f - 24. Let c(h) = -h**2 + 9*h - 8. Let o(m) = 6*b(m) - 17*c(m). Calculate o(j).
-8
Suppose -5*w + 18 - 5 = 2*m, 3*w - 4*m - 13 = 0. Let o(b) 